e prime factors of m.
2
Let z(s) be the second derivative of s**4/12 + 2*s**3/3 - 3*s**2/2 + s. Suppose -o - 25 = 4*o. What are the prime factors of z(o)?
2
Suppose 0*f - 4*i + 7 = -3*f, -2 = -2*f + i. Let t(x) = 5*x + 8. What are the prime factors of t(f)?
23
List the prime factors of 2/(4*-2) - (-18150)/120.
151
Suppose -3*o = 5*c - 49, -o + 7 = -5*c + 44. Suppose -40 = -2*s - h, -h - h + c = 0. List the prime factors of s.
2, 3
Suppose -4*c + 0*c + 8 = 0. Suppose -c*r + 30 = 3*i, 2*r - 39 = -3*i + 3*r. Let f = 21 - i. What are the prime factors of f?
3
Let j = -44 + 64. Suppose 3*x = -2*x + j. What are the prime factors of x?
2
Let s = -55 + 155. List the prime factors of s.
2, 5
Let q(o) = 10*o**2 - 9*o + 5. Let g(c) = -9*c**2 + 8*c - 4. Let j(k) = -5*g(k) - 4*q(k). What are the prime factors of j(-3)?
3, 19
Suppose 0 = r - 12 - 5. What are the prime factors of (-1)/2*0 + r?
17
Let u(v) = v. Let k be u(-1). Let c(i) = 9*i**2 + i + 1. List the prime factors of c(k).
3
Let h(v) = -3*v - 3. List the prime factors of h(-6).
3, 5
Suppose 5*j + 49 = -31. Let y = j - -41. What are the prime factors of y?
5
Let l be (-2)/(-10) - (-84)/30. Let a = 0 + 3. List the prime factors of 3 - (l/a)/1.
2
Suppose 5*d + 6 = 6*d. What are the prime factors of d?
2, 3
Let v = 73 + -59. List the prime factors of v.
2, 7
Suppose -4*v + s + 20 = 0, -1 + 9 = -2*s. Suppose -j - 9 = -v, -18 = -r + 3*j. What are the prime factors of r?
3
Let i = 11 - -1. Suppose -3*v + 7*v = -228. What are the prime factors of 2/8 - v/i?
5
Let d be ((-4)/6)/(2/(-21)). List the prime factors of (-2)/d + (-130)/(-14).
3
Suppose v - 6*v + 5*u = -35, -3*v = -u - 15. List the prime factors of (3 + v)/(2/4).
2, 7
Suppose 0 = 3*m - 1 - 5. List the prime factors of m.
2
Suppose 5*t - 9 - 1 = 0. Let i be (-2 + 4/t)/(-2). Suppose f - 13 = -i. What are the prime factors of f?
13
Suppose 3*a = 248 + 250. List the prime factors of a.
2, 83
Let k(p) = p**2 + p - 5. Let n be k(-5). Suppose -a + n = 4*a. Suppose -5*v = -2*i + 7*i, -2*i = a*v + 5. What are the prime factors of i?
5
What are the prime factors of 4 + (6 - (-8)/(-4)) + 131?
139
Let o(h) = 2*h + 1. Let k be o(1). Let v be 0 - ((-12)/k - -2). Suppose -v*q - 2*q = -48. List the prime factors of q.
2, 3
Let i = 10 - 1. Let k(q) = q**2 - 6*q - 1. List the prime factors of k(i).
2, 13
Let q = -223 - -350. What are the prime factors of q?
127
Let k = -2 - -3. Suppose -k = 4*g - 41. Suppose 4*z - 2*z = -3*o + 13, -z = 5*o - g. List the prime factors of z.
5
Suppose 0 = -2*q - 5*b + 130, 5*q = -0*b - 5*b + 295. Suppose a + q + 10 = 4*i, 3 = a. What are the prime factors of i?
17
Let t(q) = -4*q**2 - 5*q + 4. Let w(j) = -5*j**2 - 5*j + 4. Let u(l) = 6*t(l) - 5*w(l). Let b be u(3). List the prime factors of 5 + 1 - (b + 3).
5
Let t(v) = v**3 - 12*v**2 + 4. Let i be t(12). Suppose -1 = -3*c + 4*c + p, i*p + 8 = -3*c. List the prime factors of c.
2
Let m(j) = 44*j**2 + 3*j - 5. What are the prime factors of m(3)?
2, 5
Suppose 0 = -2*s + 2*a, -2*s = 3*s + 2*a - 35. What are the prime factors of s?
5
Suppose -20 = -5*x, 0 = -4*k - 0*x + 3*x - 8. List the prime factors of 72/(4 - k) - 2.
2, 11
Let c(g) = -g**2 + 7*g - 4. Let d be c(7). Let y = d - -8. What are the prime factors of y?
2
List the prime factors of (-1)/3 - (-435)/9.
2, 3
Let m(x) = 10*x**3 + x**2 + 2. List the prime factors of m(2).
2, 43
Let n(w) = 4*w + 3. What are the prime factors of n(2)?
11
Suppose -3*i - i + g = 0, 5*g + 16 = 4*i. Let j(n) = 5*n**3 - 2*n - 1. Let c be j(i). List the prime factors of 1 - (c + 6/3).
3
Suppose 0 = 6*d - d - 20. Suppose 2*g = -5*w + d*w + 3, 5*w + 17 = -2*g. List the prime factors of 1 + 13 + (-8)/g.
2, 3
Let w(c) = c**3 + 7*c**2 - 37*c + 3. List the prime factors of w(-8).
5, 47
Let h = -127 - -219. What are the prime factors of h?
2, 23
Let d(p) = -p + 1. Suppose 2*f = 5*f - 6, -4*l = -3*f + 18. Let k be d(l). Suppose -3*m = -k*a - 3, 2*m + a - 2*a = 7. List the prime factors of m.
5
Let i(m) = -m**3 + 3*m**2 + 4*m + 2. Let c be i(4). Let a be (c + -1)/((-2)/4). List the prime factors of (a/3)/(5/(-15)).
2
Suppose 3*y + 261 = 3*z, -z + 4*y + 109 - 22 = 0. List the prime factors of z.
3, 29
Let c = 29 - 18. Let o = c + -4. List the prime factors of o.
7
What are the prime factors of ((-228)/(-5))/((-34)/(-85))?
2, 3, 19
Suppose -s = 4*s - 15, 4*w - 3*s = 95. List the prime factors of w.
2, 13
Let w = 90 + -45. What are the prime factors of w?
3, 5
Let r = 9 - 6. Suppose a = r*c + c - 13, -5*c + 60 = 5*a. List the prime factors of a.
7
Let x = 30 + 3. Let i = x - 23. List the prime factors of i.
2, 5
Let l = -3 + 3. Let r(u) = 2*u + 4. What are the prime factors of r(l)?
2
Let r = 6 + 0. Let k = 4 + 12. List the prime factors of r*(k/6 + -1).
2, 5
Suppose 5*l - 5*r + 201 = 866, 0 = -3*l + 2*r + 400. What are the prime factors of l?
2, 67
Let u be 12/(-6)*2/(-2). Suppose u*p - 3 = p. Suppose 24 = p*c - 2*x, c - 4*x - 19 = -7*x. List the prime factors of c.
2, 5
Let j(s) = 9*s + 26. What are the prime factors of j(14)?
2, 19
Suppose -t - o + 20 = o, -o + 109 = 5*t. What are the prime factors of t?
2, 11
Suppose 4*k = 2*b - 336, 0 = -b + 5*k - k + 168. List the prime factors of b.
2, 3, 7
Let u be -1 + (-59)/(-1) + 1. Suppose 0 = 5*c + 2*f - u, -2*c - 5*f + 32 = -0*c. What are the prime factors of c?
11
Suppose 5 = 3*c - 1. What are the prime factors of 5*(c - (-9)/15)?
13
Suppose 0 = -5*q - 0 + 20. Suppose 5*t - 2*c = 57, q = 5*c - 16. Let g = t - 9. List the prime factors of g.
2
Suppose 0 = 2*c - 1 - 1. List the prime factors of 11*c + 10/(-5).
3
List the prime factors of ((-25)/10)/((-4)/160).
2, 5
Let z = -3 + 5. Suppose -2*s - 2 = 0, -s - 29 = z*n - 3*n. Let r = -17 + n. List the prime factors of r.
11
Suppose 0 = -4*g + 2*n + 14, 6 = 3*g - 2*n - n. Suppose -x - 2*u = 1, g*x - 4*u + u = 47. List the prime factors of x.
7
Suppose -2*h = -7*h - 15. What are the prime factors of h*40/(-6) - -2?
2, 11
Suppose -4*k + 568 - 144 = 0. List the prime factors of k.
2, 53
Let h = 9 + -4. Suppose 7 = l - h. What are the prime factors of l?
2, 3
Let u be (2 - 2)/(11 - 13). Suppose 2*b + 1 = m + 14, 5*b - 30 = 5*m. Let w = b - u. What are the prime factors of w?
7
Suppose 1 = -0*h - h. Let c = 1 - h. Suppose -10 = -4*y + c*y. What are the prime factors of y?
5
Suppose t + 3*k = -0 + 1, -2*k - 10 = -2*t. Suppose t*f - 5*f + 44 = 0. What are the prime factors of f?
2, 11
Let c(n) = -8*n - 9. Let j be c(-8). Suppose -10*p = -5*p - j. List the prime factors of p.
11
Suppose 0*l + l = 19. Suppose 3*n + 4*t - 35 = 0, 0 = -4*n - t + 32 + l. What are the prime factors of n?
13
Suppose -20 = -2*z - 2*z. Suppose 15 = z*r - 15. List the prime factors of r/((-3)/(-1)) + 8.
2, 5
Suppose 1 = -4*g - 3. Let h(w) = -4*w**3 + w**2. List the prime factors of h(g).
5
Suppose 5*k + 143 = 3*q - 0*k, 3*k = 3*q - 141. List the prime factors of q.
2, 23
Let m(a) = -a**2 + 51. What are the prime factors of m(0)?
3, 17
Let j(w) = 71*w. Let d be j(1). Suppose 169 - d = 2*c. What are the prime factors of c?
7
Suppose 0 = 2*l - 15 - 9. Suppose -m = 3*m - l. Let o(v) = v + 1. List the prime factors of o(m).
2
Let y = -1 + 2. Suppose 3*g - 28 = -g. Let l = g - y. What are the prime factors of l?
2, 3
Suppose 3*c + h - 58 = -4*h, -5*c + 4*h + 72 = 0. Suppose -b + 9 + c = 0. List the prime factors of b.
5
Suppose -7*a + 12 = -3*a. Suppose 15*v = 11*v + 8. Suppose 3*m = -a*i + v*m + 42, 4*m - 12 = 0. What are the prime factors of i?
13
Suppose 64 = -9*w + 11*w. What are the prime factors of w?
2
Let z(x) = x**3 + x**2 - 5*x - 4. Let p be z(-3). Let b = 10 + p. What are the prime factors of b?
3
Suppose -3*u + 51 = 3*b, b + 2*u + 0*u = 20. List the prime factors of b.
2, 7
Suppose s - 6 = 12. Suppose s = d + 2*d. Suppose 6 = 2*i + l, -d = -2*i - 6*l + 2*l. What are the prime factors of i?
3
Suppose 0 = -6*j + 2*j + 16. Suppose 100 = 2*r - 3*f, -4*r + 0*r - 2*f + 232 = 0. Suppose j*t = -3*u + 56, r = 7*t - 3*t - 2*u. What are the prime factors of t?
2, 7
List the prime factors of (0 - 2)/(26/(-143)).
11
Suppose -3*c = -4*g + 20, 4*g - 2*g = 5*c + 24. Let k = -12 + g. What are the prime factors of (-16)/k + (-4)/(-10)?
2
What are the prime factors of (-18)/(-27)*(303 + 0)?
2, 101
Suppose -3*l - 54